{"id":3957,"date":"2021-12-27T21:31:13","date_gmt":"2021-12-27T21:31:13","guid":{"rendered":"https:\/\/pgk.com.mx\/v3\/?page_id=3957"},"modified":"2022-01-13T16:49:25","modified_gmt":"2022-01-13T16:49:25","slug":"nosotros","status":"publish","type":"page","link":"https:\/\/pgk.com.mx\/v3\/index.php\/nosotros\/","title":{"rendered":"Nosotros"},"content":{"rendered":"<p>[vc_row tm_bgimagefixed=\u00bb\u00bb break_in_responsive=\u00bb991&#8243; full_width=\u00bbstretch_row\u00bb tm_responsive_css=\u00bb59354957|colbreak_no|||||||||colbreak_no|||||40px||||colbreak_no||||||||||colbreak_no|||||||||\u00bb css=\u00bb.vc_custom_1549002470055{padding-bottom: 0px !important;}\u00bb][vc_column reduce_extra_padding=\u00bb991&#8243; width=\u00bb5\/12&#8243; css=\u00bb.vc_custom_1548237107691{background-position: center !important;background-repeat: no-repeat !important;background-size: cover !important;}\u00bb][vc_single_image image=\u00bb3972&#8243; img_size=\u00bbfull\u00bb alignment=\u00bbcenter\u00bb][\/vc_column][vc_column reduce_extra_padding=\u00bb991&#8243; width=\u00bb7\/12&#8243; css=\u00bb.vc_custom_1548237062663{padding-left: 35px !important;}\u00bb]<div class=\"tm-element-heading-wrapper tm-heading-inner tm-element-align-left tm-seperator-solid tm-heading-style-vertical \"><section class=\"tm-vc_cta3-container\"><div class=\"tm-vc_general tm-vc_cta3 tm-cta3-only tm-vc_cta3-style-classic tm-vc_cta3-shape-rounded tm-vc_cta3-align-left tm-vc_cta3-color-transparent tm-vc_cta3-icon-size-md tm-vc_cta3-actions-no tm-cta3-without-desc\"><div class=\"tm-vc_cta3_content-container\"><div class=\"tm-vc_cta3-content\"><header class=\"tm-vc_cta3-content-header tm-wrap\"><div class=\"tm-vc_cta3-headers tm-wrap-cell\"><h4 class=\"tm-custom-heading \" >PGK Powder Coatings<\/h4>\n<h2 class=\"tm-custom-heading \" >Nuestra Marca<\/h2>\n<\/div><\/header><\/div><\/div><\/div><\/section><\/div> <!-- .tm-element-heading-wrapper container --> [vc_column_text]<\/p>\n<p style=\"text-align: justify;\">Somos una empresa especializada en la distribuci\u00f3n de recubrimientos de primera calidad en muchas de las regiones y ciudades m\u00e1s importantes de M\u00e9xico, PGK nace en el a\u00f1o 2005 cuando se suma al liderazgo de AXALTA COATING SYSTEMS. Desde entonces hemos crecido enormemente y gracias a nuestro compromiso y preferencia de nuestros clientes somos el distribuidor n\u00famero uno a nivel nacional.<\/p>\n<p>[\/vc_column_text][vc_column_text]<\/p>\n<p style=\"text-align: justify;\"><strong>Propuesta de Valor:\u00a0<\/strong><\/p>\n<ul>\n<li>Red de distribuci\u00f3n bien estructurada para dar un optimo servicio.<\/li>\n<li>Pruebas de rendimiento real en l\u00edneas de producci\u00f3n para comprobar beneficios.<\/li>\n<li>Servicio t\u00e9cnico y asesor\u00edas en su planta.<\/li>\n<\/ul>\n<p>[\/vc_column_text][\/vc_column][\/vc_row][vc_row tm_bgimage_position=\u00bbcenter_bottom\u00bb tm_bgimagefixed=\u00bb\u00bb break_in_responsive=\u00bb991&#8243; full_width=\u00bbstretch_row\u00bb css=\u00bb.vc_custom_1550050739962{padding-top: 65px !important;padding-bottom: 95px !important;background-image: url(https:\/\/pgk.com.mx\/v3\/wp-content\/uploads\/2019\/02\/row-bg-one.png?id=3511) !important;background-position: center !important;background-repeat: no-repeat !important;background-size: cover !important;}\u00bb tm_responsive_css=\u00bb26679976|colbreak_no|||||||||colbreak_no|||||10px||40px||colbreak_no||||||||||colbreak_no|||||||||\u00bb][vc_column tm_shadow=\u00bbyes\u00bb width=\u00bb1\/3&#8243;]<div class=\"tm-sbox tm-sbox-iconalign-top-center none tm-sbox-bgcolor-white tm-bgcolor-white tm-sbox-textcolor- tm-textcolor- tm-sbox-isize-md tm-sbox-isize-md tm-sbox-istyle-rounded  tm-bgcolor-yes tm-sbox-heading-only\"><section class=\"tm-vc_cta3-container\"><div class=\"tm-vc_general tm-vc_cta3 tm-vc_cta3-align-left tm-vc_cta3-icon-size-md tm-vc_cta3-icons-top tm-vc_cta3-actions-no\"><div class=\"tm-vc_cta3-icons tm-wrap-cell\"><div class=\"tm-vc_icon_element tm-vc_icon_element-outer tm-vc_icon_element-align-left  tm-vc_icon_element-have-style\"><div class=\"tm-vc_icon_element-inner  tm-vc_icon_element-have-style-inner tm-vc_icon_element-color-white tm-vc_icon_element-size-md tm-vc_icon_element-style-rounded tm-vc_icon_element-background tm-vc_icon_element-background-color-skincolor\" ><span class=\"tm-vc_icon_element-icon themifyicon ti-bag\" ><\/span><\/div><\/div><\/div><div class=\"tm-vc_cta3_content-container\"><div class=\"tm-vc_cta3-content\"><div class=\"tm-vc_cta3-content-header tm-wrap\"><div class=\"tm-vc_cta3-headers tm-wrap-cell\"><h2 class=\"tm-custom-heading \" >Nuestra Misi\u00f3n<\/h2>\n<\/div><\/div><\/div><div class=\"tm-cta3-desc-btn-wrapper\"><div class=\"tm-cta3-description\"><div class=\"tm-cta3-content-wrapper\"><p>Distribuimos pintura en polvo y complementos que garanticen un excelente pretratamiento, recubrimiento y acabado, representando a las mejores marcas del mercado. Nos dirigimos a la industria el\u00e9ctrica, automotriz, arquitect\u00f3nica y toda aquella industria en general que se preocupa por ofrecer calidad en sus productos. Nuestro equipo de trabajo posee un alto sentido del servicio bajo una filosof\u00eda en pro del cliente.<\/p><\/div><\/div><\/div><\/div><\/div><\/section><\/div>[\/vc_column][vc_column tm_shadow=\u00bbyes\u00bb width=\u00bb1\/3&#8243; tm_responsive_css=\u00bb90353025|colbreak_no|||||||||colbreak_no|||||20px||20px||colbreak_no||||||||||colbreak_no|||||||||\u00bb]<div class=\"tm-sbox tm-sbox-iconalign-top-center none tm-sbox-bgcolor-white tm-bgcolor-white tm-sbox-textcolor- tm-textcolor- tm-sbox-isize-md tm-sbox-isize-md tm-sbox-istyle-rounded  tm-bgcolor-yes tm-sbox-heading-only\"><section class=\"tm-vc_cta3-container\"><div class=\"tm-vc_general tm-vc_cta3 tm-vc_cta3-align-left tm-vc_cta3-icon-size-md tm-vc_cta3-icons-top tm-vc_cta3-actions-no\"><div class=\"tm-vc_cta3-icons tm-wrap-cell\"><div class=\"tm-vc_icon_element tm-vc_icon_element-outer tm-vc_icon_element-align-left  tm-vc_icon_element-have-style\"><div class=\"tm-vc_icon_element-inner  tm-vc_icon_element-have-style-inner tm-vc_icon_element-color-white tm-vc_icon_element-size-md tm-vc_icon_element-style-rounded tm-vc_icon_element-background tm-vc_icon_element-background-color-skincolor\" ><span class=\"tm-vc_icon_element-icon themifyicon ti-eye\" ><\/span><\/div><\/div><\/div><div class=\"tm-vc_cta3_content-container\"><div class=\"tm-vc_cta3-content\"><div class=\"tm-vc_cta3-content-header tm-wrap\"><div class=\"tm-vc_cta3-headers tm-wrap-cell\"><h2 class=\"tm-custom-heading \" >Nuestra Visi\u00f3n<\/h2>\n<\/div><\/div><\/div><div class=\"tm-cta3-desc-btn-wrapper\"><div class=\"tm-cta3-description\"><div class=\"tm-cta3-content-wrapper\"><p>Somos el principal distribuidor de pintura en polvo y complementos en el centro y baj\u00edo de M\u00e9xico, con una red de distribuci\u00f3n s\u00f3lida, bien estructurada y organizada lo cual genera confianza en nuestros clientes formando lazos comerciales a largo plazo. Las marcas que representamos son reconocidas por su alta calidad y competitividad en el mercado. Nuestro capital humano es el activo principal, aseguramos su bienestar y desarrollo a la par de la empresa.<\/p><\/div><\/div><\/div><\/div><\/div><\/section><\/div>[\/vc_column][vc_column tm_shadow=\u00bbyes\u00bb width=\u00bb1\/3&#8243;]<div class=\"tm-sbox tm-sbox-iconalign-top-center none tm-sbox-bgcolor-white tm-bgcolor-white tm-sbox-textcolor- tm-textcolor- tm-sbox-isize-md tm-sbox-isize-md tm-sbox-istyle-rounded  tm-bgcolor-yes tm-sbox-heading-only\"><section class=\"tm-vc_cta3-container\"><div class=\"tm-vc_general tm-vc_cta3 tm-vc_cta3-align-left tm-vc_cta3-icon-size-md tm-vc_cta3-icons-top tm-vc_cta3-actions-no\"><div class=\"tm-vc_cta3-icons tm-wrap-cell\"><div class=\"tm-vc_icon_element tm-vc_icon_element-outer tm-vc_icon_element-align-left  tm-vc_icon_element-have-style\"><div class=\"tm-vc_icon_element-inner  tm-vc_icon_element-have-style-inner tm-vc_icon_element-color-white tm-vc_icon_element-size-md tm-vc_icon_element-style-rounded tm-vc_icon_element-background tm-vc_icon_element-background-color-skincolor\" ><span class=\"tm-vc_icon_element-icon themifyicon ti-flag-alt-2\" ><\/span><\/div><\/div><\/div><div class=\"tm-vc_cta3_content-container\"><div class=\"tm-vc_cta3-content\"><div class=\"tm-vc_cta3-content-header tm-wrap\"><div class=\"tm-vc_cta3-headers tm-wrap-cell\"><h2 class=\"tm-custom-heading \" >Nuestros Valores<\/h2>\n<\/div><\/div><\/div><div class=\"tm-cta3-desc-btn-wrapper\"><div class=\"tm-cta3-description\"><div class=\"tm-cta3-content-wrapper\"><p><strong><a>HONESTIDAD<\/a><\/strong><\/p>\n<p><strong><a>RESPETO<\/a><\/strong><\/p>\n<p><strong><a>SERVICIO<\/a><\/strong><\/p>\n<p><strong><a>COMPROMISO<\/a><\/strong><\/p><\/div><\/div><\/div><\/div><\/div><\/section><\/div>[\/vc_column][\/vc_row][vc_row][vc_column][vc_row_inner][vc_column_inner][vc_column_text]<\/p>\n<h3 style=\"text-align: center;\"><span style=\"color: #003a5d;\">HECHOS<\/span><\/h3>\n<p>[\/vc_column_text][\/vc_column_inner][\/vc_row_inner][mvc_timeline_father title=\u00bbPGK\u00bb clr=\u00bb#76bd1d\u00bb][mvc_timeline_son maintitle=\u00bbINICIO DE DISTRIBUCI\u00d3N\u00bb date=\u00bb2005&#8243; clr=\u00bb#76bd1d\u00bb image_id=\u00bb4019&#8243; icon=\u00bbfas fa-flag\u00bb][\/mvc_timeline_son][mvc_timeline_son maintitle=\u00bbAPERTURA DE BODEGA 50 Mts2&#8243; titlealign=\u00bbright\u00bb date=\u00bb2006&#8243; clr=\u00bb#76bd1d\u00bb image_id=\u00bb4019&#8243; icon=\u00bbfas fa-check-circle\u00bb][\/mvc_timeline_son][mvc_timeline_son maintitle=\u00bbCAMBIO DE BODEGA\u00bb date=\u00bb2009&#8243; clr=\u00bb#76bd1d\u00bb image_id=\u00bb4019&#8243; icon=\u00bbfas fa-check-circle\u00bb]AUMENTA CAPACIDAD A\u00a0 80 Mts 2 Y 5 Tons. DE PINTURA EN STOCK[\/mvc_timeline_son][mvc_timeline_son maintitle=\u00bbEXPANSI\u00d3N DE BODEGA\u00bb titlealign=\u00bbright\u00bb date=\u00bb2010&#8243; clr=\u00bb#76bd1d\u00bb image_id=\u00bb4019&#8243; icon=\u00bbfas fa-check-circle\u00bb]EXPANDIMOS BODEGA A 160 Mts 2, 15 Tons. DE PINTURA EN STOCK[\/mvc_timeline_son][mvc_timeline_son maintitle=\u00bbDISTRIBUCI\u00d3N JALISCO\u00bb date=\u00bb2011&#8243; clr=\u00bb#76bd1d\u00bb image_id=\u00bb4019&#8243; icon=\u00bbfas fa-check-circle\u00bb]APERTURA DE DISTRIBUCI\u00d3N EN ESTADO DE JALISCO[\/mvc_timeline_son][mvc_timeline_son maintitle=\u00bbCONSTRUCCI\u00d3N DE ALMACEN\u00bb titlealign=\u00bbright\u00bb date=\u00bb2013&#8243; clr=\u00bb#76bd1d\u00bb image_id=\u00bb4019&#8243; icon=\u00bbfas fa-check-circle\u00bb]COMIENZA CONSTRUCCI\u00d3N DE ALMACEN MATRIZ EN AGUASCALIENTES[\/mvc_timeline_son][mvc_timeline_son maintitle=\u00bbAPERTURA BODEGA GUADALAJARA\u00bb date=\u00bb2015&#8243; clr=\u00bb#76bd1d\u00bb image_id=\u00bb4019&#8243; icon=\u00bbfas fa-check-circle\u00bb]APERTURA DE BODEGA 90 Mts 2 EN GUADALAJARA[\/mvc_timeline_son][mvc_timeline_son maintitle=\u00bbAPERTURA ALMACEN MATRIZ\u00bb titlealign=\u00bbright\u00bb date=\u00bb2017&#8243; clr=\u00bb#76bd1d\u00bb image_id=\u00bb4019&#8243; icon=\u00bbfas fa-check-circle\u00bb]APERTURA DE ALMACEN MATRIZ AGUASCALIENTES CON 300 Mts 2[\/mvc_timeline_son][mvc_timeline_son maintitle=\u00bbDISTRIBUCI\u00d3N SLP\u00bb date=\u00bb2018&#8243; clr=\u00bb#76bd1d\u00bb image_id=\u00bb4019&#8243; icon=\u00bbfas fa-check-circle\u00bb]APERTURA DE DISTRIBUCI\u00d3N EN ESTADO DE SAN LUIS POTOS\u00cd[\/mvc_timeline_son][mvc_timeline_son maintitle=\u00bbAPERTURA BODEGA SLP\u00bb titlealign=\u00bbright\u00bb date=\u00bb2020&#8243; clr=\u00bb#76bd1d\u00bb image_id=\u00bb4019&#8243; icon=\u00bbfas fa-check-circle\u00bb]APERTURA DE BODEGA 120 Mts 2 EN SAN LUIS POTOS\u00cd[\/mvc_timeline_son][mvc_timeline_son maintitle=\u00bbINAGURACI\u00d3N DE LABORATORIO\u00bb date=\u00bb2021&#8243; clr=\u00bb#76bd1d\u00bb image_id=\u00bb4019&#8243; icon=\u00bbfas fa-check-circle\u00bb]INAUGURACI\u00d3N DE LABORATORIO DE PRUEBAS EN MATRIZ AGS.[\/mvc_timeline_son][\/mvc_timeline_father][\/vc_column][\/vc_row][vc_row tm_bgcolor=\u00bbskincolor\u00bb tm_bgimagefixed=\u00bbtrue\u00bb full_width=\u00bbstretch_row\u00bb css=\u00bb.vc_custom_1640648981465{padding-top: 45px !important;padding-bottom: 55px !important;background-image: url(https:\/\/pgk.com.mx\/v3\/wp-content\/uploads\/2021\/12\/imgn_foot_abajo.jpg?id=3970) !important;background-position: center !important;background-repeat: no-repeat !important;background-size: cover !important;}\u00bb tm_responsive_css=\u00bb76462673|colbreak_no|||||||||colbreak_no|||||||40px||colbreak_no||||||||||colbreak_no|||||||||\u00bb el_class=\u00bbtm-facts-colum-sep\u00bb][vc_column width=\u00bb1\/4&#8243;]\n<div class=\"tm-fid inside tm-fid-with-icon tm-fid-view-topicon tm-fid-no-border\">\n\t<div class=\"tm-fid-icon-wrapper\"><i class=\"themifyicon ti-light-bulb\"><\/i><\/div>\t<div class=\"tm-fld-contents\">\n\t\t<h4 class=\"tm-fid-inner\">\n\t\t\t<sup>+<\/sup>\t\t\t<span\n\t\t\t\tdata-appear-animation = \"animateDigits\"\n\t\t\t\tdata-from             = \"0\"\n\t\t\t\tdata-to               = \"615\"\n\t\t\t\tdata-interval         = \"20\"\n\t\t\t\tdata-before           = \"+\"\n\t\t\t\tdata-before-style     = \"sup\"\n\t\t\t\tdata-after            = \"\"\n\t\t\t\tdata-after-style      = \"sub\"\n\t\t\t\t>\n\t\t\t\t\t615\t\t\t<\/span>\n\t\t\t\t\t<\/h4>\n\t\t<h3 class=\"tm-fid-title\"><span>Proyectos Completados<br><\/span><\/h3>\n\t<\/div><!-- .tm-fld-contents -->\n\t<\/div>\n\n[\/vc_column][vc_column width=\u00bb1\/4&#8243;]\n<div class=\"tm-fid inside tm-fid-with-icon tm-fid-view-topicon tm-fid-no-border\">\n\t<div class=\"tm-fid-icon-wrapper\"><i class=\"themifyicon ti-check-box\"><\/i><\/div>\t<div class=\"tm-fld-contents\">\n\t\t<h4 class=\"tm-fid-inner\">\n\t\t\t<sup>+<\/sup>\t\t\t<span\n\t\t\t\tdata-appear-animation = \"animateDigits\"\n\t\t\t\tdata-from             = \"0\"\n\t\t\t\tdata-to               = \"15\"\n\t\t\t\tdata-interval         = \"20\"\n\t\t\t\tdata-before           = \"+\"\n\t\t\t\tdata-before-style     = \"sup\"\n\t\t\t\tdata-after            = \"\"\n\t\t\t\tdata-after-style      = \"sub\"\n\t\t\t\t>\n\t\t\t\t\t15\t\t\t<\/span>\n\t\t\t\t\t<\/h4>\n\t\t<h3 class=\"tm-fid-title\"><span>A\u00f1os de Experiencia<br><\/span><\/h3>\n\t<\/div><!-- .tm-fld-contents -->\n\t<\/div>\n\n[\/vc_column][vc_column width=\u00bb1\/4&#8243;]\n<div class=\"tm-fid inside tm-fid-with-icon tm-fid-view-topicon tm-fid-no-border\">\n\t<div class=\"tm-fid-icon-wrapper\"><i class=\"themifyicon ti-hand-point-up\"><\/i><\/div>\t<div class=\"tm-fld-contents\">\n\t\t<h4 class=\"tm-fid-inner\">\n\t\t\t<sup>+<\/sup>\t\t\t<span\n\t\t\t\tdata-appear-animation = \"animateDigits\"\n\t\t\t\tdata-from             = \"0\"\n\t\t\t\tdata-to               = \"13245\"\n\t\t\t\tdata-interval         = \"20\"\n\t\t\t\tdata-before           = \"+\"\n\t\t\t\tdata-before-style     = \"sup\"\n\t\t\t\tdata-after            = \"\"\n\t\t\t\tdata-after-style      = \"sub\"\n\t\t\t\t>\n\t\t\t\t\t13245\t\t\t<\/span>\n\t\t\t\t\t<\/h4>\n\t\t<h3 class=\"tm-fid-title\"><span>Ventas Realizadas<br><\/span><\/h3>\n\t<\/div><!-- .tm-fld-contents -->\n\t<\/div>\n\n[\/vc_column][vc_column width=\u00bb1\/4&#8243;]\n<div class=\"tm-fid inside tm-fid-with-icon tm-fid-view-topicon tm-fid-no-border\">\n\t<div class=\"tm-fid-icon-wrapper\"><i class=\"themifyicon ti-user\"><\/i><\/div>\t<div class=\"tm-fld-contents\">\n\t\t<h4 class=\"tm-fid-inner\">\n\t\t\t<sup>+<\/sup>\t\t\t<span\n\t\t\t\tdata-appear-animation = \"animateDigits\"\n\t\t\t\tdata-from             = \"0\"\n\t\t\t\tdata-to               = \"1342\"\n\t\t\t\tdata-interval         = \"5\"\n\t\t\t\tdata-before           = \"+\"\n\t\t\t\tdata-before-style     = \"sup\"\n\t\t\t\tdata-after            = \"\"\n\t\t\t\tdata-after-style      = \"sub\"\n\t\t\t\t>\n\t\t\t\t\t1342\t\t\t<\/span>\n\t\t\t\t\t<\/h4>\n\t\t<h3 class=\"tm-fid-title\"><span>Clientes Satisfechos<br><\/span><\/h3>\n\t<\/div><!-- .tm-fld-contents -->\n\t<\/div>\n\n[\/vc_column][\/vc_row]<\/p>\n","protected":false},"excerpt":{"rendered":"<p>[vc_row tm_bgimagefixed=\u00bb\u00bb break_in_responsive=\u00bb991&#8243; full_width=\u00bbstretch_row\u00bb tm_responsive_css=\u00bb59354957|colbreak_no|||||||||colbreak_no|||||40px||||colbreak_no||||||||||colbreak_no|||||||||\u00bb css=\u00bb.vc_custom_1549002470055{padding-bottom: 0px !important;}\u00bb][vc_column reduce_extra_padding=\u00bb991&#8243; width=\u00bb5\/12&#8243; css=\u00bb.vc_custom_1548237107691{background-position: center !important;background-repeat: no-repeat !important;background-size: cover !important;}\u00bb][vc_single_image image=\u00bb3972&#8243; img_size=\u00bbfull\u00bb alignment=\u00bbcenter\u00bb][\/vc_column][vc_column reduce_extra_padding=\u00bb991&#8243; width=\u00bb7\/12&#8243; css=\u00bb.vc_custom_1548237062663{padding-left: 35px !important;}\u00bb][vc_column_text] Somos una empresa especializada en la distribuci\u00f3n de recubrimientos de primera calidad en muchas de las regiones y ciudades m\u00e1s importantes de M\u00e9xico, PGK nace en el a\u00f1o 2005 cuando &hellip; <a href=\"https:\/\/pgk.com.mx\/v3\/index.php\/nosotros\/\" class=\"more-link\">Continue reading <span class=\"screen-reader-text\">Nosotros<\/span><\/a><\/p>\n","protected":false},"author":1,"featured_media":0,"parent":0,"menu_order":9,"comment_status":"closed","ping_status":"closed","template":"","meta":[],"_links":{"self":[{"href":"https:\/\/pgk.com.mx\/v3\/index.php\/wp-json\/wp\/v2\/pages\/3957"}],"collection":[{"href":"https:\/\/pgk.com.mx\/v3\/index.php\/wp-json\/wp\/v2\/pages"}],"about":[{"href":"https:\/\/pgk.com.mx\/v3\/index.php\/wp-json\/wp\/v2\/types\/page"}],"author":[{"embeddable":true,"href":"https:\/\/pgk.com.mx\/v3\/index.php\/wp-json\/wp\/v2\/users\/1"}],"replies":[{"embeddable":true,"href":"https:\/\/pgk.com.mx\/v3\/index.php\/wp-json\/wp\/v2\/comments?post=3957"}],"version-history":[{"count":27,"href":"https:\/\/pgk.com.mx\/v3\/index.php\/wp-json\/wp\/v2\/pages\/3957\/revisions"}],"predecessor-version":[{"id":4063,"href":"https:\/\/pgk.com.mx\/v3\/index.php\/wp-json\/wp\/v2\/pages\/3957\/revisions\/4063"}],"wp:attachment":[{"href":"https:\/\/pgk.com.mx\/v3\/index.php\/wp-json\/wp\/v2\/media?parent=3957"}],"curies":[{"name":"wp","href":"https:\/\/api.w.org\/{rel}","templated":true}]}}