{"id":3974,"date":"2021-12-28T00:19:10","date_gmt":"2021-12-28T00:19:10","guid":{"rendered":"https:\/\/pgk.com.mx\/v3\/?page_id=3974"},"modified":"2022-01-20T13:36:52","modified_gmt":"2022-01-20T19:36:52","slug":"pintura-en-polvo","status":"publish","type":"page","link":"https:\/\/pgk.com.mx\/v3\/index.php\/pintura-en-polvo\/","title":{"rendered":"Pintura en Polvo"},"content":{"rendered":"<p>[vc_row][vc_column][vc_tta_tabs style=\u00bbmodern\u00bb alignment=\u00bbcenter\u00bb active_section=\u00bb1&#8243;][vc_tta_section title=\u00bbEP\u00d3XICO\u00bb tab_id=\u00bb1640650697139-4fc05066-a9b9&#8243;][vc_row_inner][vc_column_inner width=\u00bb1\/2&#8243;][vc_empty_space][vc_column_text]<\/p>\n<p style=\"text-align: justify;\"><strong>Ep\u00f3xico:<\/strong>\u00a0Fueron los primeros productos en polvo disponibles comercialmente. Estos son utilizados como recubrimientos funcionales cuando se requiere la m\u00e1xima protecci\u00f3n pintada a la exposici\u00f3n de qu\u00edmicos y niveles de corrosi\u00f3n altos. Teniendo adem\u00e1s sus limitantes, la baja resistencia a la intemperie y hoy en d\u00eda sus costos.<\/p>\n<p>[\/vc_column_text][\/vc_column_inner][vc_column_inner width=\u00bb1\/2&#8243;][vc_empty_space][vc_single_image image=\u00bb3980&#8243; img_size=\u00bbfull\u00bb alignment=\u00bbcenter\u00bb][\/vc_column_inner][\/vc_row_inner][\/vc_tta_section][vc_tta_section title=\u00bbPOLIESTER\u00bb tab_id=\u00bb1640657252848-99f3995e-af3a\u00bb][vc_row_inner][vc_column_inner width=\u00bb1\/2&#8243;][vc_empty_space][vc_column_text]<\/p>\n<p style=\"text-align: justify;\"><strong>Poliester:<\/strong> Se caracteriza por ser de los recubrimientos que mejor se comportan antes los rayos UV. Esta resina tiene flexibilidad y facilidad en su depositaci\u00f3n en recobecos, sobre todo en filos (puntas). Actualmente se cuentan con versiones de alto rendimiento que pueden ir desde las 2 hasta 6 mil\u00e9simas de espesor.<\/p>\n<p>[\/vc_column_text][\/vc_column_inner][vc_column_inner width=\u00bb1\/2&#8243;][vc_empty_space][vc_single_image image=\u00bb4057&#8243; img_size=\u00bbfull\u00bb alignment=\u00bbcenter\u00bb][\/vc_column_inner][\/vc_row_inner][\/vc_tta_section][vc_tta_section title=\u00bbPOLIESTER LIBRE DE TGIC\u00bb tab_id=\u00bb1641920638665-fd0d4192-5150&#8243;][vc_row_inner][vc_column_inner width=\u00bb1\/2&#8243;][vc_empty_space][vc_column_text]<\/p>\n<p style=\"text-align: justify;\"><strong>Poliester:<\/strong> Pintura polvo libre de agentes TGIC, se utiliza para sistemas expuestos a la intemperie puesto que son muy resistentes a los rayos UV. Las aplicaciones m\u00e1s t\u00edpicas son el aluminio, rines automotrices, aires acondicionados, mallas, tanques de gas, herramientas de jardiner\u00eda, etc.<\/p>\n<p>[\/vc_column_text][\/vc_column_inner][vc_column_inner width=\u00bb1\/2&#8243;][vc_empty_space][vc_single_image image=\u00bb3981&#8243; img_size=\u00bbfull\u00bb alignment=\u00bbcenter\u00bb][\/vc_column_inner][\/vc_row_inner][\/vc_tta_section][vc_tta_section title=\u00bbH\u00cdBRIDO\u00bb tab_id=\u00bb1640657461379-487db28b-f5f8&#8243;][vc_row_inner][vc_column_inner width=\u00bb1\/2&#8243;][vc_empty_space][vc_column_text]<\/p>\n<p style=\"text-align: justify;\"><strong>H\u00edbrido (EXPOXI-POLIESTER):<\/strong> Al igual que el poliester los recubrimientos h\u00edbridos tienen buen comportamiento en filos y recobecos y tiene propiedades ep\u00f3xicas en ambientes corrosivos. Adem\u00e1s es la resina que mejores acabados tiene como el martillado y texturado. Los principales usos de estos productos son para estanter\u00eda, muebles de oficina, filtros de aceite, calentadores de agua, piezas automotrices, entre otros a un precio justo.<\/p>\n<p>[\/vc_column_text][\/vc_column_inner][vc_column_inner width=\u00bb1\/2&#8243;][vc_empty_space][vc_single_image image=\u00bb4060&#8243; img_size=\u00bbfull\u00bb alignment=\u00bbcenter\u00bb][\/vc_column_inner][\/vc_row_inner][\/vc_tta_section][vc_tta_section title=\u00bbTERMOPL\u00c1STICA\u00bb tab_id=\u00bb1640707628998-692cffa4-c9e5&#8243;][vc_row_inner][vc_column_inner width=\u00bb1\/2&#8243;][vc_empty_space][vc_column_text]<\/p>\n<p style=\"text-align: justify;\"><strong>TermoPl\u00e1stica: <\/strong>la protecci\u00f3n contra la corrosi\u00f3n que ofrece este producto es insuperable y se encuentra entre los recubrimientos m\u00e1s vers\u00e1tiles y duraderos disponibles en el mercado hoy en d\u00eda.<\/p>\n<p>[\/vc_column_text][\/vc_column_inner][vc_column_inner width=\u00bb1\/2&#8243;][vc_empty_space][vc_single_image image=\u00bb4059&#8243; img_size=\u00bbfull\u00bb alignment=\u00bbcenter\u00bb][\/vc_column_inner][\/vc_row_inner][\/vc_tta_section][\/vc_tta_tabs][\/vc_column][\/vc_row][vc_row tm_bgcolor=\u00bbskincolor\u00bb tm_bgimagefixed=\u00bb\u00bb break_in_responsive=\u00bb991&#8243; full_width=\u00bbstretch_row\u00bb css=\u00bb.vc_custom_1550059090456{padding-top: 35px !important;padding-bottom: 65px !important;}\u00bb el_class=\u00bbtm-reset-content-center-991&#8243; tm_responsive_css=\u00bb82034059|colbreak_no|||||||||colbreak_no|||||||83px||colbreak_no||||||||||colbreak_no|||||||||\u00bb][vc_column width=\u00bb2\/3&#8243; css=\u00bb.vc_custom_1550058983679{padding-top: 7px !important;padding-right: 8px !important;}\u00bb tm_responsive_css=\u00bb96228052|colbreak_no|||||||||colbreak_no||||||15px|||colbreak_no||||||||||colbreak_no|||||||||\u00bb]<h2 style=\"text-align:right;font-size:25px;line-height:38px;font-family:'Poppins',Arial,Helvetica;font-weight:500;\" class=\"tm-custom-heading \" >\u00bfNecesita asesor\u00eda profesional?<\/h2>\n[\/vc_column][vc_column width=\u00bb1\/3&#8243; css=\u00bb.vc_custom_1550058967984{padding-left: 37px !important;}\u00bb tm_responsive_css=\u00bb13898235|colbreak_no|||||||||colbreak_no||||||||15px|colbreak_no||||||||||colbreak_no|||||||||\u00bb]\n\t\t<div class=\"tm-vc_btn3-container tm-vc_btn3-left\"><a class=\"tm-vc_general tm-vc_btn3 tm-vc_btn3-size-md tm-vc_btn3-shape-square tm-vc_btn3-style-outline tm-vc_btn3-weight-no tm-vc_btn3-color-white\" href=\"https:\/\/pgk.com.mx\/v3\/index.php\/contacto\/\" title=\"\">CONT\u00c1CTENOS<\/a><\/div>[\/vc_column][\/vc_row][vc_row tm_bgcolor=\u00bbskincolor\u00bb tm_bgimagefixed=\u00bb\u00bb full_width=\u00bbstretch_row\u00bb disable_element=\u00bbyes\u00bb css=\u00bb.vc_custom_1550058262755{padding-top: 35px !important;padding-bottom: 65px !important;}\u00bb][vc_column width=\u00bb1\/12&#8243;][\/vc_column][vc_column width=\u00bb5\/6&#8243;][vc_row_inner el_class=\u00bbtm-column-inline\u00bb][vc_column_inner width=\u00bb3\/4&#8243; css=\u00bb.vc_custom_1550054267366{padding-left: 80px !important;}\u00bb tm_responsive_css=\u00bb58586917|colbreak_no|||||||||colbreak_no||||||||15px|colbreak_no||||||||||colbreak_no|||||||||\u00bb]<h2 style=\"text-align:center;font-size:25px;line-height:50px;font-family:'Poppins',Arial,Helvetica;font-weight:500;\" class=\"tm-custom-heading \" >Pampered your brand with this beautiful theme<\/h2>\n[\/vc_column_inner][vc_column_inner el_class=\u00bbtm-reset-content-center-991&#8243; width=\u00bb1\/4&#8243; css=\u00bb.vc_custom_1550056211776{padding-left: 30px !important;}\u00bb tm_responsive_css=\u00bb96451315|colbreak_no|||||||||colbreak_no||||||||15px|colbreak_no||||||||||colbreak_no|||||||||\u00bb]\n\t\t<div class=\"tm-vc_btn3-container tm-vc_btn3-inline\"><a class=\"tm-vc_general tm-vc_btn3 tm-vc_btn3-size-md tm-vc_btn3-shape-square tm-vc_btn3-style-outline tm-vc_btn3-weight-no tm-vc_btn3-color-white\" href=\"#\" title=\"\">PURCHASE NOW<\/a><\/div>[\/vc_column_inner][\/vc_row_inner][\/vc_column][vc_column width=\u00bb1\/12&#8243;][\/vc_column][\/vc_row]<\/p>\n","protected":false},"excerpt":{"rendered":"<p>[vc_row][vc_column][vc_tta_tabs style=\u00bbmodern\u00bb alignment=\u00bbcenter\u00bb active_section=\u00bb1&#8243;][vc_tta_section title=\u00bbEP\u00d3XICO\u00bb tab_id=\u00bb1640650697139-4fc05066-a9b9&#8243;][vc_row_inner][vc_column_inner width=\u00bb1\/2&#8243;][vc_empty_space][vc_column_text] Ep\u00f3xico:\u00a0Fueron los primeros productos en polvo disponibles comercialmente. Estos son utilizados como recubrimientos funcionales cuando se requiere la m\u00e1xima protecci\u00f3n pintada a la exposici\u00f3n de qu\u00edmicos y niveles de corrosi\u00f3n altos. Teniendo adem\u00e1s sus limitantes, la baja resistencia a la intemperie y hoy en d\u00eda sus costos. [\/vc_column_text][\/vc_column_inner][vc_column_inner &hellip; <a href=\"https:\/\/pgk.com.mx\/v3\/index.php\/pintura-en-polvo\/\" class=\"more-link\">Continue reading <span class=\"screen-reader-text\">Pintura en Polvo<\/span><\/a><\/p>\n","protected":false},"author":1,"featured_media":0,"parent":0,"menu_order":9,"comment_status":"closed","ping_status":"closed","template":"","meta":[],"_links":{"self":[{"href":"https:\/\/pgk.com.mx\/v3\/index.php\/wp-json\/wp\/v2\/pages\/3974"}],"collection":[{"href":"https:\/\/pgk.com.mx\/v3\/index.php\/wp-json\/wp\/v2\/pages"}],"about":[{"href":"https:\/\/pgk.com.mx\/v3\/index.php\/wp-json\/wp\/v2\/types\/page"}],"author":[{"embeddable":true,"href":"https:\/\/pgk.com.mx\/v3\/index.php\/wp-json\/wp\/v2\/users\/1"}],"replies":[{"embeddable":true,"href":"https:\/\/pgk.com.mx\/v3\/index.php\/wp-json\/wp\/v2\/comments?post=3974"}],"version-history":[{"count":14,"href":"https:\/\/pgk.com.mx\/v3\/index.php\/wp-json\/wp\/v2\/pages\/3974\/revisions"}],"predecessor-version":[{"id":4116,"href":"https:\/\/pgk.com.mx\/v3\/index.php\/wp-json\/wp\/v2\/pages\/3974\/revisions\/4116"}],"wp:attachment":[{"href":"https:\/\/pgk.com.mx\/v3\/index.php\/wp-json\/wp\/v2\/media?parent=3974"}],"curies":[{"name":"wp","href":"https:\/\/api.w.org\/{rel}","templated":true}]}}